e -4*k = -z*t + 1644, -k - 2051 = -2*t - 401. What is the hundreds digit of t?
8
Let a be -1 - 8*26 - (-109)/(-109). What is the hundreds digit of 8/(-14) - 98400/a?
4
Suppose l - 4*o - 12 + 6 = 0, -3*l = -o - 7. What is the units digit of (1995/228)/(l/40)?
5
Let i(j) = 4*j + 146. Let k(r) = r**2 - 8*r - 292. Let f(q) = 11*i(q) + 6*k(q). What is the tens digit of f(13)?
1
Let f(l) = 4*l + 28*l**2 + 9 - 2*l**3 - 66*l**2 + 34*l**2. Let r be f(-6). Suppose 5*p - 878 = -r. What is the tens digit of p?
2
Suppose 5*w = 2*w - 33. Let d = w - -11. Suppose 0 = 4*v + r - 74, 2*v + 0*v - 4*r - 28 = d. What is the tens digit of v?
1
Let i(s) = 6*s + 23. Let w be i(-3). Suppose -5*t + m + 3 = -2, 2*t = m + w. Suppose h + 336 = 2*v, t*v + 4*h = -3*v + 493. What is the tens digit of v?
6
Let f(l) = l**2 - l + 1. Let s(x) = -x**2 + 59*x - 18. Let i(t) = 6*f(t) - s(t). Let v(c) be the first derivative of i(c). What is the units digit of v(13)?
7
Suppose -5*l + 4 - 14 = 2*d, 0 = 5*d + 4*l + 8. Let r(u) = 4*u - 4. Let y be r(d). Let m(j) = j**2 - 10*j - 22. What is the tens digit of m(y)?
3
Let k(u) = 6*u**2 - 6*u + 3717. What is the tens digit of k(0)?
1
Suppose 2610 = -23*p + 28*p. Let f = p - 295. What is the tens digit of f?
2
Suppose -19*y + 15*y + 8 = 0. Let s(f) = 137*f + 2. What is the hundreds digit of s(y)?
2
Suppose -130628 = -38*n + 102381 - 33585. What is the units digit of n?
8
Suppose 0 = 2*r - 8, -3*r = 5*y - 2*r + 616. Suppose -w - 5*t - 284 = 0, -w - t = w + 532. Let x = y - w. What is the units digit of x?
0
Let f be (32 - -2) + (-4)/(-2). Suppose f = g + 34. Suppose t + 143 = 5*t - 3*v, -g*v + 44 = t. What is the units digit of t?
8
Let x be 1 + -4 + (8 - 3). Suppose -5*f + 3*f + 8 = -2*s, 2*s - x = -3*f. Suppose m + 2*r = 56, -f*m - 69 = -4*r - 173. What is the units digit of m?
4
What is the units digit of (57/(1710/(-60)))/(2/(-1036))?
6
Let p = -2 + 0. Let u(w) = w**2 + 2*w - 1. Let b(m) = 33*m**2 + 19*m - 2. Let n(c) = b(c) - 7*u(c). What is the units digit of n(p)?
9
Suppose 0 = -9*g + 3*g - 168. Let y = g - -24. Let s(q) = q**3 + 7*q**2 + 4. What is the units digit of s(y)?
2
Let k(l) = 29*l**3 - 12*l**2 - 13*l + 47. What is the units digit of k(6)?
1
Let k = 60 + -33. Suppose -k*f = -23*f - 496. What is the hundreds digit of f?
1
Suppose -5*v + 9*v = -2*u + 41252, -2*v = -u + 20626. What is the thousands digit of u?
0
Suppose 4*p + 21375 - 74207 = 0. What is the tens digit of p?
0
Suppose 0 = 4*p - 66*u + 65*u - 14484, -3*u = 5*p - 18088. What is the hundreds digit of p?
6
Suppose q - k = 14509, 3*k + 2*k - 72545 = -5*q. What is the tens digit of q?
0
Let p(z) = 6554*z**2 - 2*z. Let i be p(1). Suppose 16*r - i = 2*r. What is the tens digit of r?
6
Let d(b) = -320*b - 23. Suppose -7 = -15*w - 22. What is the tens digit of d(w)?
9
Let n(c) = c**3 + 22*c**2 + 3*c + 24. Let r be n(-22). Let h = -46 - r. What is the units digit of 2/h + (-543)/(-6)?
0
Suppose -11118 + 3978 = -20*i. Suppose -3*h - i = -3*a - 2964, -4*a = -3*h + 2610. What is the hundreds digit of h?
8
Let w(i) = 39*i**2 + 11*i - 148. What is the hundreds digit of w(-8)?
2
Let v(q) = 18 + 18*q**2 - 19*q - 21*q - q**3 - 15*q + 46*q. What is the tens digit of v(15)?
5
Suppose -23*o - 7*o + 58*o = 661248. What is the thousands digit of o?
3
Suppose 5*v + 0 = -10. Let k(r) be the third derivative of -49*r**4/24 - r**3 + 23*r**2. What is the units digit of k(v)?
2
Let v be 1 + (32/(-12))/(2/(-3)). Suppose 3*z + v*s - 49 = -16, -z = s - 13. What is the tens digit of 0/(3 + -5) + z?
1
Let o = -610 + 2244. Let d = -738 + o. What is the units digit of d?
6
Suppose -284235 = 10*b - 26*b - 19*b. What is the thousands digit of b?
8
Let g = -17369 + 30776. What is the hundreds digit of g?
4
What is the thousands digit of ((7247 + -14)/((-15)/(-2)))/(3/30)?
9
Suppose 0 = 45*c - 47*c + 6. Suppose c*t - 5 = -8. What is the units digit of t/2 - (129/(-2) - -1)?
3
Suppose 0 = -3*p + 15 - 45. What is the hundreds digit of p/(-40)*3 - (-1145)/4?
2
Suppose 2*k - 20 = -3*n + 70, 2*k - 2*n - 80 = 0. Suppose 43*v - k*v = 2. Suppose -4*w + v*a = -828, 3*w - 2*w = 5*a + 225. What is the units digit of w?
5
Let l = 3286 + -521. What is the hundreds digit of l?
7
Suppose 5604 = 5*b + 309. Suppose -1180 = -4*z - 5*u, 4*z - u = 121 + b. What is the hundreds digit of z?
2
Let b(t) = -22*t**3 + 68 + 5*t**2 + 28*t**3 - 73 - 15*t. What is the hundreds digit of b(5)?
7
Suppose -f = -3*q + 21 - 7, -4*f = -3*q + 20. Let u be (-14 + (6 - -7))/((-2)/2). Suppose -q*x = -17 + u. What is the units digit of x?
4
Let u(l) = 8048*l**3 - 3*l**2 - 23*l + 26. What is the thousands digit of u(1)?
8
Let l = 247 + -225. What is the units digit of (-30112)/(-88) + (-4)/l?
2
Suppose 4*l + 5*f - 40421 = 0, -4*f + 14 - 42 = 0. What is the ten thousands digit of l?
1
Suppose -41 = -6*c + 1. Suppose -c*q + 6*q = -7. Suppose 1103 = q*x - 31. What is the hundreds digit of x?
1
Suppose 4105 + 22204 - 1856 = f. What is the hundreds digit of f?
4
Let k = 11369 + -10497. What is the hundreds digit of k?
8
Let b be (-6)/(((-4)/10)/(1/5)). Suppose -4*k - z - 73 + 1390 = 0, b*k - z - 993 = 0. What is the hundreds digit of k?
3
Let z(n) = 20*n**2 + 99*n + 406. What is the thousands digit of z(39)?
4
Suppose -180*c - 244712 = -193*c. What is the thousands digit of c?
8
Let v(k) = -6*k + 26. Let r(u) = 5*u - 27. Let c(g) = -5*r(g) - 6*v(g). Let a be c(6). What is the units digit of ((-88)/(-5))/(9/a)?
8
What is the units digit of 226/(15 - 1513/101)?
3
Suppose 4218 = 26*i - 20*i. Suppose -7*p + i = -11. What is the units digit of p?
2
Suppose -4*w - 2562 = 4*f - 2*f, 3175 = -5*w + 3*f. Let g = 1345 + w. What is the tens digit of g?
0
Suppose -11*u = -7*u - 16. Let g be u + -86 - (3 - (3 + 3)). Let t = 113 + g. What is the tens digit of t?
3
Suppose 10832 = 2*i - 3*l - 11016, -3*i = -5*l - 32774. What is the thousands digit of i?
0
What is the thousands digit of -1 + 263256/75 + 7/(-175)*2?
3
Let s(c) = 12*c**2 + 4*c - 10. Suppose -26*t = -21*t + 20. What is the units digit of s(t)?
6
Suppose 2*r + 2*n = 50, 42 = 2*r + n - 10. Suppose 0 = -9*s - 0 + r. Suppose -k + 17 = s. What is the units digit of k?
4
Let b = 36545 + -21259. What is the tens digit of b?
8
Suppose -4*o = -h + 36, -3*o - 20 = -2*h + 47. Suppose -8927 = -55*j - 58*j. Suppose -w + h = -j. What is the hundreds digit of w?
1
Let a(c) = 777*c**2 + 150*c + 1145. What is the ten thousands digit of a(-9)?
6
Suppose 31*t = 2*t + 67715. Suppose -5*y - 4*r = -3889, -y - 2*y = 4*r - t. What is the hundreds digit of y?
7
Suppose 0 = 6*x - 0*x - 168. Let l(k) = -9*k - 5*k - 9*k - 22 - x. What is the tens digit of l(-9)?
5
Let a(g) = -9660*g + 41. What is the ten thousands digit of a(-2)?
1
What is the hundreds digit of (4/((-8)/15) + 8)*4754?
3
Let q(v) = -23*v + 125. Let u be q(-25). Suppose 3*f = 5*n + u, 2*n + 952 = 9*f - 5*f. What is the tens digit of f?
4
Let h be (-148)/(-3) + (-54)/(-81). Suppose 5*w - 870 = -2*c, 48*c - h*c + w = -846. What is the units digit of c?
5
Let l(n) = -n**2 + 17*n - 1. Let y be l(13). Let o = y - 51. Suppose o = 8*b - 5*b - 132. What is the tens digit of b?
4
Let q = 52342 + -26728. What is the tens digit of q?
1
Suppose -531 = -3*v + 720. Suppose -2*n + v = 5*s, 7*n = 2*s + 2*n - 190. What is the units digit of s?
5
Let c(o) be the first derivative of -9*o + 1/2*o**4 - 7/2*o**2 - 8/3*o**3 - 41. What is the hundreds digit of c(7)?
2
Let z be ((-26)/65)/((3/5)/(-3)). Suppose -z*r + 2*i = -672 + 146, -3*r + 5*i + 787 = 0. What is the units digit of r?
4
Let r(c) = c**2 - 9*c + 11. Let l be r(8). Suppose 7*b - l*b + 4*n = -68, 2*b + 24 = -4*n. What is the tens digit of (66/(-4))/(11/b)?
3
Let z(m) = -m**3 + 6*m**2 + 4. Let q be z(6). Suppose 59 = 3*s - 5*t, 0 = -s - q*t - 4 + 1. Let j = 165 + s. What is the tens digit of j?
7
Suppose 48*n + 50*n - 21948 = -26*n. What is the units digit of n?
7
Let m(a) = -3*a**2 + 7*a - 12. Let c be m(5). What is the hundreds digit of 4204/14 - c/(-182)?
3
Suppose -21*v - 5318 - 2599 = 0. Let z = v - -547. What is the hundreds digit of z?
1
Let y = 68 + -62. Let d(r) = 96*r + 53. What is the hundreds digit of d(y)?
6
Let f = 14881 - 14883. Suppose 2*z + 30 = -3*z. What is the hundreds digit of (-44)/z*(35 - (1 + f))?
2